 0*z + 351 = 3*o. Calculate the highest common factor of o and w.
13
Let j(u) = 3*u - 9. Let p be j(9). Calculate the greatest common divisor of 18 and p.
18
Suppose -27 - 15 = -3*v. What is the highest common factor of v and 2?
2
Let z be (1*-21)/(4 - 5). Suppose 3*r + 5*m - 37 = -r, 5*r + 2*m = 25. Calculate the greatest common factor of r and z.
3
Let g = -116 - -207. Calculate the greatest common factor of g and 13.
13
Suppose 0 = -0*z + 6*z - 48. Calculate the greatest common factor of z and 1.
1
Let h(o) = o**2 - 2*o. Let v be h(4). Let r(w) = 63*w + 1. Suppose 2 = 3*c - 1. Let i be r(c). Calculate the greatest common factor of i and v.
8
Let j be 0/3 - (-1 + 0). Let x be -242*-1*j/1. Let o = x + -144. What is the highest common divisor of 14 and o?
14
Let h be 0*1*(1 + -2). Suppose h = 4*w - 16, -3*d + 4*w = -433 + 125. Calculate the greatest common factor of d and 12.
12
Let a = -10 - -6. Let j = a + 7. Suppose -2*x - 4*t + 38 = 0, 0 = j*x - 7*t + 3*t - 27. Calculate the highest common factor of 13 and x.
13
Let o(u) = 3 - 5 - 2 + 0 - u. Let l be o(-9). Suppose 0 = l*h + 3 - 108. What is the greatest common divisor of h and 3?
3
Suppose -5*o - 1 = -31. Calculate the highest common divisor of o and 66.
6
Suppose -4*y = -3*k - 4, -3*y + k + 5 = 2*y. What is the greatest common factor of 11 and y?
1
Let t(k) = k. Let o(c) = -20*c + 8. Let v(h) = o(h) + 6*t(h). Let w be v(-4). Calculate the highest common divisor of 8 and w.
8
Suppose -10 = -5*c - 0. Let b be 2*((1 - c) + 7). Calculate the greatest common factor of 108 and b.
12
Suppose -23 = -u - 1. Let c be (-9)/(-5) - 1/(-5). Suppose -c*b - 5 = -9. What is the highest common factor of u and b?
2
Suppose 8*l = 10 + 22. What is the highest common divisor of l and 28?
4
Let x(w) = 14*w. Let h be (-1)/(-2)*-12*1. Let i(o) = o**2 + 7*o + 7. Let y be i(h). Let p be x(y). Calculate the highest common factor of 126 and p.
14
Let y = 17 + 0. What is the greatest common factor of y and 136?
17
Suppose k = 5*x - 633, -4*x - 100 = 4*k - 592. Calculate the highest common factor of x and 7.
7
Let x = 3 - 1. Suppose x*s = -5*r + 650, 0*s = 3*r + s - 389. What is the greatest common factor of r and 32?
32
Let g = 13 + -6. Suppose -414 = g*y - 9*y. What is the greatest common factor of y and 23?
23
Let f be 6/((2/(-21))/(-1)). Suppose -u - 4*u + 69 = 4*j, 5*j + 4*u - 93 = 0. Calculate the greatest common factor of f and j.
21
Let q be 14 + -2 + 0 + 2. Let p(k) = 4 + k**2 - 2*k**2 + 3*k**2 + k. Let w be p(-6). Calculate the greatest common divisor of q and w.
14
Suppose 5*k - 20 = -u, -5*u = -4*k + 3*k - 22. Let g = k + -15. Let d = g + 31. Calculate the greatest common factor of d and 57.
19
Let u(w) = 136*w**2 + 10*w - 11. Let s be u(1). What is the highest common divisor of 27 and s?
27
Let b = -7 + 12. Suppose 158 = b*l - 82. Calculate the greatest common factor of 120 and l.
24
Suppose -4*i = -6 - 2. Suppose 3*s + i*s = 85. What is the greatest common factor of s and 68?
17
Let f(b) = b**3 + 9*b**2 - 10*b + 4. Let k be f(-10). Suppose 0*s = k*s - 192. Calculate the highest common divisor of 6 and s.
6
Suppose 94 = 5*o - 26. Suppose 64 = s - o. Let c = -63 + s. What is the highest common divisor of 5 and c?
5
Let d(b) = -92*b. Let n be d(-1). Suppose 0 = -0*t + t - n. Calculate the highest common factor of t and 23.
23
Suppose -2*w - 5*n = -146, -3*w + 4*w = n + 66. Suppose 0 = -9*i + 31 + 122. What is the greatest common factor of i and w?
17
Let k(s) = -s - 14. Let d(t) = -t - 14. Let a(w) = -7*d(w) + 6*k(w). Let l be a(0). What is the highest common divisor of 35 and l?
7
Suppose 2*b + 70 = u + 4*b, 5*u - b - 295 = 0. Calculate the greatest common divisor of u and 24.
12
Suppose 2*r + b - 323 = -2*r, 2*r = 5*b + 145. What is the highest common divisor of 16 and r?
16
Let r(w) = -4*w + 2. Let l be r(-2). Let v = 13 + -8. What is the greatest common factor of l and v?
5
Let z be (-4)/(-6) - (-212)/6. What is the greatest common divisor of z and 8?
4
Suppose 4*s + 5*a - 35 = 0, 0*s + 5*s - 19 = 2*a. Let c be (-3 - -4) + 1*-3. Let d = 3 - c. Calculate the greatest common factor of s and d.
5
Let p(c) = 4*c - 4. Let d(g) = g + 3. Let v be d(7). Let y be (-4)/(-10) + 26/v. Let a be p(y). Calculate the highest common divisor of a and 1.
1
Let d be (-1325)/(-7) - 10/35. What is the highest common divisor of d and 21?
21
Let b(v) = 32*v**2 - 2*v + 3. Let g be b(-3). Let c = -44 - -71. Calculate the greatest common factor of g and c.
27
Suppose 4*v - 22 = 138. What is the greatest common factor of 100 and v?
20
Suppose -37*w = -40*w + 432. Suppose 2*q + 7 + 17 = v, 0 = -5*v + 5*q + 105. Calculate the highest common factor of w and v.
18
Let x = 139 + -97. What is the highest common factor of x and 105?
21
Let d be 2 + 2 + (-4)/1. Let f(s) = -s**2 - s + 88. Let w be f(d). What is the greatest common divisor of w and 8?
8
Let p = -45 + 66. What is the highest common divisor of p and 35?
7
Suppose 0 = -q + 3*q - 2*m - 28, 0 = -5*q + 2*m + 55. Suppose -173 - 52 = -5*r. What is the greatest common factor of r and q?
9
Let t be (-3)/((2 - -2)/(-16)). What is the greatest common factor of t and 132?
12
Let h = -13 + 22. Let w(p) = -p**3 + 8*p**2 + 9*p + 11. Let x be w(h). What is the highest common divisor of 88 and x?
11
Let x(d) = d**2 + 4*d + 20. Let k be x(-10). Calculate the greatest common factor of k and 10.
10
Suppose 0 = 6*c - 3*c + 15. Let t = c + 16. Calculate the greatest common divisor of 1 and t.
1
Let p = -17 - -31. Calculate the highest common divisor of 14 and p.
14
Let i(b) = -2*b - 15. Let h be i(-9). Suppose 3*v - 4*s = 2*v + 27, -5*s - 90 = -5*v. What is the highest common divisor of v and h?
3
Let h(s) = -s - 8. Let f be h(10). Let v be 4/3*f/(-4). Calculate the highest common divisor of v and 6.
6
Let g(j) = j**3 - 4*j**2 - 6*j + 9. Let k be g(6). Let b(d) = 2*d - 2. Let l be b(-6). Let a = l - -29. What is the greatest common factor of a and k?
15
Suppose -4 - 4 = 4*w. Let o(n) = -6*n + 2. Let c be o(w). Calculate the highest common factor of c and 70.
14
Suppose z = o + 3*o + 38, -36 = -z + 3*o. What is the greatest common factor of z and 45?
15
Suppose 2*b = -3*b - 55. Let f be ((-1)/((-2)/4))/(-1). Let g be 2/(f + b/(-5)). What is the greatest common divisor of 25 and g?
5
Let c(p) = -p**2 - 10*p - 3. Let v be c(-7). Calculate the greatest common factor of v and 45.
9
Suppose 0*q - 17 = -q. Let i be (12/15)/((-14)/(-595)). What is the greatest common divisor of q and i?
17
Let u = 68 - 43. What is the highest common divisor of u and 175?
25
Let o = 65 + -60. Calculate the greatest common divisor of 15 and o.
5
Let g be -18*(-2)/2*3. Let t be (g/(-9))/(2/(-4)). What is the greatest common factor of t and 4?
4
Let m = -12 + 6. Let g = 10 + m. Suppose 18 = g*r - 2. What is the greatest common factor of r and 5?
5
Suppose -5 = -2*j + j. Let y be -2*3*j/(-2). Let h = y - -41. Calculate the greatest common divisor of 7 and h.
7
Let d = 17 + 67. What is the highest common divisor of 14 and d?
14
Suppose -2*x + 2*h + 8 = 0, x + h - 4 = 8. Suppose 0*v + 4*v - x = 0. What is the greatest common factor of v and 8?
2
Let r = -9 + 16. Suppose -r*b + 9*b - 30 = 0. Calculate the highest common factor of b and 105.
15
Let z be 12/(9*1/24). Suppose 0 = -6*t + 2*t + z. What is the highest common divisor of t and 40?
8
Let t(z) = z**3 - 2*z**2 + 2*z - 1. Let g be t(1). Let a be (-1)/2*(g - 12). Calculate the highest common factor of 48 and a.
6
Suppose -f = f + 3*u + 3, f - 3*u = 12. Let j be 15 - (-3 + 3 + f). Suppose 2*q + 192 = 4*q. Calculate the greatest common factor of q and j.
12
Let m be 4/(-6)*3/(-2). Suppose -2*z + 4*x = -2, z - 2*x - x = m. Let u(k) = 16*k**2 + 2*k - 1. Let w be u(z). What is the highest common divisor of 51 and w?
17
Let g = -71 + 79. Suppose -7*j + 3*j - 4 = b, -28 = -2*b + j. Calculate the highest common divisor of g and b.
4
Let l be 4/(-14) + 152/(-7). Let f = l - -24. Calculate the highest common factor of 5 and f.
1
Let f = -30 - -128. Suppose -2 = -2*w - 5*b + 6, -2*w + 5*b + 48 = 0. What is the greatest common divisor of f and w?
14
Suppose 13 = 2*l + 5. Let u = 15 + -11. Suppose 9*b = u*b + 20. Calculate the highest common divisor of l and b.
4
Suppose 2*w - 5*w +